 divided by (16/(-6))/(2/b)?
6
Suppose 4*p - 2*p = 66. Suppose -u = 3*q - p, 2*u - 5*u + 79 = 4*q. Let z = 0 + 11. What is the remainder when u is divided by z?
10
Let l = 99 - 73. Calculate the remainder when l is divided by 14.
12
Let w(b) = -b**2 - 15*b - 5. Let a be 72/(-8) + 2 + 1. What is the remainder when w(a) is divided by 17?
15
Let w(c) = c**2 + 3*c + 5. What is the remainder when 41 is divided by w(-5)?
11
What is the remainder when 36 is divided by ((-4)/(-6))/(-9 - -7)*-57?
17
Let s = -76 - -141. Calculate the remainder when s is divided by 23.
19
Let a(v) = v**3 + 5*v**2 + 3. Suppose 40*q + 5032 = 108*q. What is the remainder when q is divided by a(-4)?
17
Let w = 11 + -6. Suppose -w*p - 30 = q, -p - 18 = 2*q - 3. Calculate the remainder when 10 is divided by (-1*2 - p)*1.
1
What is the remainder when 4/(-30) - 7005/(-225) is divided by 11?
9
Let a(k) = k**2 + 2*k + 3. Calculate the remainder when 3 is divided by a(0).
0
Let u be ((-8)/(-10))/(1/10). Let p = -3 + u. What is the remainder when 14 is divided by p?
4
Suppose 5*q = c + 207, -5*q + 164 = 3*c - 55. Suppose s = q - 16. What is the remainder when s is divided by 9?
8
Suppose 17 = 2*o - 3*g - 0*g, 11 = o + g. Let n = -3 + o. Suppose -3*b = 2*q - 53, q + b - 20 = n. What is the remainder when q is divided by 15?
13
Suppose 0 = 4*x - 13 - 7. Suppose 192 = -x*u - 83. Let h = u - -98. Calculate the remainder when h is divided by 15.
13
Let d = -1 + 2. Let h be d/((-9)/(-75))*6. Let l = h - 9. What is the remainder when l is divided by 14?
13
Let i(d) = 7*d. Suppose 2*p + 0*p - 88 = -2*k, -3*k + 4*p = -139. Suppose -15 + k = 3*x. What is the remainder when i(4) is divided by x?
8
Let b be (6 - 2)/((-2)/3). Calculate the remainder when (-12 - 8)/(4/b) is divided by 16.
14
Let p be (-2)/((-7)/((-42)/4)). What is the remainder when 34 is divided by p/(1*(-4)/24)?
16
Let z = -50 + 69. Calculate the remainder when 49 is divided by z.
11
Let q be (-42)/(-11) + (-2)/(-11). Suppose 2*a = q*t + 3*a - 25, 3*t + 3*a - 30 = 0. Calculate the remainder when t is divided by (-28)/(-12) + (-2)/(-3).
2
Let f = 13 - 5. Suppose -2*u = f*k - 4*k - 14, -3*k = 12. Calculate the remainder when 44 is divided by u.
14
Let f(o) = -o**3 - 4*o**2 + 4*o - 3. Let p be f(-5). Suppose -11 = -p*r + 1. What is the remainder when 17 is divided by r?
5
Suppose -2*n + n + 7 = -2*w, 4*w + 5 = -n. Let t be 1 + 0 + 2 + w. Let s(o) = 42*o**3 - o**2 + 2*o - 1. What is the remainder when s(t) is divided by 15?
12
Suppose -4*l - 2 = -5*h, 0*l + l = -5*h + 12. Suppose -1459 = -l*i + 755. What is the remainder when i/18 - (-2)/4 is divided by 21?
20
Suppose -4*p + 3*p + 132 = 0. Suppose 4*h + 4*b = -0*b + p, -5*b = -3*h + 75. What is the remainder when h is divided by 16?
14
Let r = -87 + 178. Calculate the remainder when r is divided by 32.
27
Let q = 11 + -24. Let k = 21 + q. Let f(s) = -s**3 + 6*s**2 + 5*s - 15. Calculate the remainder when f(6) is divided by k.
7
Let x(m) = -5*m - 1. Calculate the remainder when 43 is divided by x(-2).
7
Suppose -3*z + 0*u - 10 = -4*u, 5*z - 5*u = -20. Let q be -3 + (-3)/z*0. Let b = 2 - q. Calculate the remainder when 13 is divided by b.
3
Let r be (4/(-5))/(12/90). Let o = r - -24. Calculate the remainder when o is divided by 32/6 + 7/(-21).
3
Let j be -1 - 0 - 19/(-1). Let x = j - 7. What is the remainder when 16 is divided by x - (-2 - -2 - -2)?
7
Suppose 155 = -4*c + 7. Let j = -16 - c. Suppose 4*y = 2*z + 24, 9 = y + 5*z - 19. What is the remainder when j is divided by y?
5
Let l(t) = -3*t + 5*t - t. Suppose -5*z = 5*n - 5, -9*z - 20 = -4*z. What is the remainder when n is divided by l(3)?
2
Calculate the remainder when 2*-1*(-48)/3 is divided by 17.
15
Let h = -11 + 16. Suppose 0 = h*r - 27 - 23. Suppose -69 = -3*m + 5*y, -2*m - y - y = -62. Calculate the remainder when m is divided by r.
8
Let g be 1 + 14 - (-1 + 0). Suppose -d + 3 + 13 = 0. What is the remainder when (-189)/(-4) - 4/g is divided by d?
15
Let d be 2/4 + (-5)/(-2). Suppose -3*s = -4*s + d. Let y(i) = i**3 - 8*i**2 + 9*i - 9. Calculate the remainder when y(7) is divided by s.
2
Suppose 13*u - 178 = -9. Calculate the remainder when u is divided by 8.
5
Let n(o) = -o + 3*o - 2*o - 3 + 4*o. Let d be n(2). Suppose d*m - 14 - 6 = 0. What is the remainder when 7 is divided by m?
3
Suppose 0*f = 3*f + 9. Let w be 0/(-3) + (f - -1). Let o(h) = -5*h + 2. What is the remainder when 23 is divided by o(w)?
11
Let q(v) = 3*v + 1. Let x be q(-1). What is the remainder when x*(-2 - -12)*-2 is divided by (2/(-3))/((-3)/63)?
12
Suppose 0*y = -3*y + 2*b + 27, 5*y = -3*b + 45. Suppose 0 = -2*l + 17 + y. What is the remainder when 63 is divided by l?
11
Let p(g) = g - 1. Calculate the remainder when p(10) is divided by 5.
4
Suppose 5*l + 2*v - 135 = -0*v, 0 = 4*l - 2*v - 126. Calculate the remainder when l is divided by 10.
9
Let n = 101 + -66. Suppose 0 = k + 4*i - 0*i - n, -4*k + i = -55. Calculate the remainder when 43 is divided by k.
13
Let v(s) = 1 - 1 - s + 6. Let r be v(0). Suppose -r*a + 50 = -a. What is the remainder when 28 is divided by a?
8
Let f(l) = -l**2 - 9*l + 6. What is the remainder when f(-9) is divided by 4?
2
What is the remainder when (-5 - -8) + (-34)/(-2) is divided by 11?
9
What is the remainder when (204/8)/(2/4) is divided by 27?
24
Let z = 105 + -61. What is the remainder when z is divided by 24?
20
Suppose 3*l + 3*o + 2*o = 51, 4*l = -2*o + 54. Calculate the remainder when 143 is divided by l.
11
Let l = 3 - 0. Suppose 0 = 5*o + 3*k - 4*k - 38, 6 = l*o + 5*k. Calculate the remainder when o is divided by 4.
3
Let t(z) = z**2 + 6*z + 6. Suppose 29 = -5*b + 4. Let o be t(b). Let h(m) = 18*m**3 + m. Calculate the remainder when h(o) is divided by 7.
5
Let x = -1 + -2. What is the remainder when 31 is divided by x - -4 - (-30)/2?
15
Let w(l) = -l**3 + 5*l**2 + 4*l. Let o be w(3). Let r = 26 - 11. What is the remainder when (-2)/2 - (1 - o) is divided by r?
13
Let t = 149 - 142. Calculate the remainder when 32 is divided by t.
4
Suppose -k + 23 = -0*k - 5*z, -2*k = -3*z - 39. Calculate the remainder when k is divided by 7.
4
Let r(i) = -11*i + 15. Let s(k) = -21*k + 30. Let q(g) = 5*r(g) - 3*s(g). Calculate the remainder when q(11) is divided by 19.
16
Let f(m) = 18*m + 1. Calculate the remainder when f(3) is divided by 14.
13
Suppose 12 = 3*q - 12. Let x = 4 - -1. Suppose -4*c - 15 = -x*c. What is the remainder when c is divided by q?
7
Suppose -3*u = 5 + 1, -5*u - 20 = 5*r. Let t = -13 + 24. Calculate the remainder when 2*-43*r/4 is divided by t.
10
What is the remainder when 0/(-2) + 69 + 4 is divided by 19?
16
Suppose 22 = 7*n - 6. Calculate the remainder when 10 is divided by n.
2
Suppose 7*m - 6*m = 4*a + 10, -3*m + 2*a = -80. Suppose 0 = -5*s + 2*k + 6 + 34, -5*s = -3*k - 40. Calculate the remainder when m is divided by s.
6
Let l = -28 + 51. Let y = 47 - l. Calculate the remainder when 23 is divided by (y/9)/(-2)*-9.
11
Let m(f) = 3*f + 8. Let t be m(-6). Let p be (-24)/t*(4 - -6). Let q = p + 11. What is the remainder when q is divided by 12?
11
Suppose 40 = -3*t + 2*g, 3*t - 4*g + 37 + 7 = 0. Let p = 13 + t. What is the remainder when 1 is divided by p?
0
Let a(j) = j**3 - 18*j**2 + 22*j + 14. Calculate the remainder when a(17) is divided by 26.
21
Suppose 3*s = m + 5*s - 91, 0 = -4*m - 3*s + 349. Suppose -w = -6*w + m. What is the remainder when 65 is divided by w?
14
Let u(f) = f**2 - 10*f + 11. What is the remainder when 3 is divided by u(9)?
1
Let w = -76 + 85. Calculate the remainder when 41 is divided by w.
5
Suppose 2*n - 40 = 24*q - 25*q, -n - q = -19. Suppose 0 = -4*b - 1 - 15, 0 = 2*u - b - 26. Calculate the remainder when n is divided by u.
10
Suppose 2*a + 3*a - 15 = 0. What is the remainder when 3 is divided by a?
0
Let y(p) = p**2 - 4*p - 3. Let o be y(5). Suppose 2*c + 6 = c - 4*d, -5*d - 14 = -o*c. What is the remainder when 2 is divided by c?
0
Let q = -2 - -1. Let x(n) = -n**3 - 4*n**2 + n + 5. Calculate the remainder when x(-4) is divided by (3 + -4)*q*1.
0
Let a = 4 - 2. Let w(l) = -2*l - 2. Let f be w(4). Let x = 11 + f. Calculate the remainder when a is divided by x.
0
Suppose 5*m - 4*p = 79, -6*p = -3*m - 2*p + 49. Suppose 3 = -4*a + 27. What is the remainder when m is